et a = -3 + 7. Suppose -a*c + 21 = 145. Let p = c + 43. List the prime factors of p.
2, 3
Let k be 1 + 0 - (1 - 3). Suppose -2*i = -k*i - 5. List the prime factors of (16/(-20))/(1/i).
2
Let d(z) be the third derivative of z**5/20 - z**4/8 + z**3/2 - z**2. Suppose -4*b - 1 = -4*a + 7, -4*b = -2*a + 4. What are the prime factors of d(a)?
3
Suppose 62 = 3*k - 7. What are the prime factors of k?
23
Suppose -7*n + 504 = -0*n. Let t = -7 + 11. Suppose -t*x + n = -0*x. What are the prime factors of x?
2, 3
Suppose -147 - 147 = -2*c. What are the prime factors of c?
3, 7
Let r = -15 + -8. Let g = 6 - r. List the prime factors of g.
29
Let p be ((-2)/(-5))/(2/60). Let z = -6 + p. What are the prime factors of z?
2, 3
List the prime factors of 3/15 + (-1676)/(-20).
2, 3, 7
Let k(p) = p**3 + 6*p**2 - 6*p + 3. Let u be k(-7). What are the prime factors of (-1)/(-4) + (-139)/u?
5, 7
Suppose 0 = 5*w + 3*c - 32, -3*w + 3 = 4*c - 25. List the prime factors of w.
2
Suppose -2*i = 2*g + 2*i - 258, -5*i + 660 = 5*g. What are the prime factors of g?
3, 5
Let d = 11 - 6. Suppose -d*m + 20 = -10. Suppose -3*i + 6 = 0, -m*i = -f - i - 4. What are the prime factors of f?
2, 3
Suppose 22*q = 25*q - 138. What are the prime factors of q?
2, 23
Suppose 0*d = 2*d + 8. Let m be d/(-2)*10/4. Suppose 2*s + m = -5*n + 40, 5*n - 5*s = 70. List the prime factors of n.
3
Suppose -4*q - 16 = -4*k, 7 = -8*k + 3*k - 4*q. List the prime factors of (-30)/(-2) + (k - 3).
13
Let v(p) = p**3 + 7*p**2 - 2*p - 10. Let d be v(-7). What are the prime factors of (17/d)/((-5)/(-20))?
17
Suppose -4 = 2*q - 3*q. Let l = q + -11. Let j(x) = -x**2 - 8*x + 3. List the prime factors of j(l).
2, 5
Suppose -5*u + 69 = -2*u. Suppose 0 = 2*o + 5*z - 31, -o - 6 + u = 4*z. What are the prime factors of o?
13
Suppose -64 = -3*s - s. List the prime factors of s.
2
Suppose 6*p - p + 2 = 4*f, 7 = 5*f - 4*p. Suppose -f = -2*j + 5. Suppose -i - 18 = -j*w + 37, -2*w = -4*i - 38. List the prime factors of w.
13
Let l = 38 - 27. Let n = l + 1. What are the prime factors of n?
2, 3
Suppose -5*m = 36 + 69. Let j = m - -29. Suppose -j*f = -3*f + i - 56, 12 = -3*i. What are the prime factors of f?
2, 3
Let m(s) = 5*s + 39. List the prime factors of m(-6).
3
Let u = 31 + -11. Suppose -d - 5 = -3*i, -4*i - i - u = 4*d. Let f(x) = -x + 8. What are the prime factors of f(i)?
2
What are the prime factors of (9/(-6))/((-7)/434)?
3, 31
List the prime factors of (12/(-8))/((-4)/152).
3, 19
Suppose 0 = 4*o + o - 55. Suppose -2*t + 7*t = 0. List the prime factors of t + 6/(-3) + o.
3
Let b(d) = -d + 7. Let m be 29/(-5) + 3/(-15). List the prime factors of b(m).
13
Suppose 3*d - 846 = -3*d. List the prime factors of d.
3, 47
Suppose -3*d - 2*s = -0*d + 290, 5*d = 3*s - 496. Let y = -51 - d. List the prime factors of y.
47
Suppose -o = -5*t + 15, 0 = -4*t - 4*o - 2 - 10. Suppose -3*d - 15 = -t*c, -2*d + 5 = 15. Suppose c*v = 3*v - 18. List the prime factors of v.
2, 3
Suppose -4*p + 412 = -4*l, -2*p + 5*l - 192 = -4*p. List the prime factors of p.
101
Suppose -2*q + 5*u + 130 = 42, 0 = 2*u - 8. What are the prime factors of q?
2, 3
Suppose 5*s + 6 = 2*s + 5*x, -5*s + 21 = 2*x. List the prime factors of s.
3
Let n(r) be the third derivative of -9*r**6/40 + r**5/60 + r**4/24 + r**3/6 - r**2. List the prime factors of n(-1).
2, 7
Let z be (2 + -1)/((-2)/4). Let d be (6/(-15))/(z/20). Suppose 0*b - 16 = -d*b + 4*m, 0 = -b - m + 8. What are the prime factors of b?
2, 3
Suppose 4 = -2*x + 6*x. Let a be (x - 4 - -2) + 7. Let t(h) = 3*h - 8. List the prime factors of t(a).
2, 5
Let a be 2/(0 + 2/4). Let x be 1/2 + 14/a. Let i(c) = -c**3 + 6*c**2 - 4*c - 5. List the prime factors of i(x).
11
Let w = -115 + 233. List the prime factors of w.
2, 59
Suppose g - 3*w - 14 = 0, 0 = -4*g + 2*w - 4*w. Let n be g + -1 + -2 + 7. List the prime factors of 0 + n*(0 - -1).
2, 3
Let p(n) = -5*n**2 + 6*n**2 + 0*n**2 + 1 - n - 2 - 3*n**3. What are the prime factors of p(-1)?
2
Suppose -2*a + 3*o + 15 = 0, -2 - 23 = -5*o. What are the prime factors of a?
3, 5
Let g(s) = -8 + s + 8 + 7*s. List the prime factors of g(1).
2
Let r(a) = -2*a - 4. Let y be r(-3). Suppose -4*h + 4*j - 32 = 0, 3*h - 1 = y*j - 4*j. Let u = h - -5. List the prime factors of u.
2
List the prime factors of (36/(-3))/((-9)/12).
2
Suppose -4*k + k = 3, -46 = -5*d + k. Let c(w) = w**2 - 9*w + 3. Let p be c(d). Suppose -2*m + 25 = -5*q, 2*m - 5*m - p*q + 69 = 0. List the prime factors of m.
2, 5
Suppose d + d = -6. Let t = d + 13. List the prime factors of t - 3/(6/4).
2
Let u = 73 - -172. Suppose 0 = -7*s + 2*s + u. List the prime factors of s.
7
What are the prime factors of 50/6 + 4/6?
3
Suppose 2*w - 2*d = -w + 164, -w + 5*d = -59. What are the prime factors of w?
2, 3
Let u be ((-2)/3)/(1/(-3)). Suppose -c - 1 = -2. List the prime factors of (-4 + c)/(1 - u).
3
Let u(r) = r**2 - 6*r - 3. Suppose 6 - 30 = -4*l. Let g be u(l). What are the prime factors of 5*(-3)/(-3) + g?
2
Let w = 6 - 14. What are the prime factors of (-488)/(-22) + w/44?
2, 11
Suppose -122 = -5*o + 2*u - 14, -o + 4*u = -36. List the prime factors of o.
2, 5
Suppose f + g = -0*g, -5*g - 21 = -2*f. Let a be (-221)/(-4) - f/12. Suppose -2*d = 3*d - a. List the prime factors of d.
11
Let f = 7 + -10. Let h = f + 10. Let x = h - 1. What are the prime factors of x?
2, 3
Let d(o) be the third derivative of 1/6*o**4 - o**3 + o**2 + 0 + 0*o + 2/15*o**5 + 1/120*o**6. What are the prime factors of d(-7)?
3, 5
Suppose 0 = -r - r - 10, 2*r + 130 = 4*v. What are the prime factors of ((-10)/v)/(2/(-198))?
3, 11
Suppose 4*s + s = 25. Suppose -66 + 21 = -s*t. What are the prime factors of t?
3
What are the prime factors of ((-2)/(-1))/(4/62)?
31
Let a be (-1 + 10)/((-42)/56). List the prime factors of (1 + (-7)/2)*a.
2, 3, 5
Let s = 8 - 14. Suppose 0 = 2*j + 5*k, -2 - 13 = 5*j + 5*k. List the prime factors of (s/(-4))/(j/(-10)).
3
Let j(o) = -o**2 + 20*o - 25. What are the prime factors of j(18)?
11
Let b(n) = -11*n - 5. List the prime factors of b(-3).
2, 7
What are the prime factors of -89*(0 - (-2)/(-2))?
89
Suppose -5 = l - 42. Let q = l - 20. What are the prime factors of q?
17
Suppose -2*t + 17 + 9 = -3*r, -2 = 2*t + 4*r. Suppose -2*h - t + 45 = 0. What are the prime factors of h?
19
Suppose 4*z = 6*z - 150. What are the prime factors of z?
3, 5
Let o(f) = -f**3 + 18*f**2 + 25*f - 22. What are the prime factors of o(19)?
2, 23
Suppose 2*c = c + 3, 3*f - 4*c = 30. What are the prime factors of f?
2, 7
Suppose 7*x - 3*x = 204. List the prime factors of x.
3, 17
Let k be (-443)/(-9) - (-4)/(-18). Let h = 90 - k. Suppose -11 = 5*g - h. What are the prime factors of g?
2, 3
Let p(b) = -b**2 - 14*b + 28. List the prime factors of p(-9).
73
Let b(w) = -w**3 + 12*w**2 - 10*w - 14. Let g be b(11). Let z = g - -12. List the prime factors of z.
3
Suppose 2*g - 3*g + 2 = 0. Suppose -g*q = -q. Suppose q = 3*i + 7 - 40. List the prime factors of i.
11
Let p be 2/(-8) + 27/12. Let u(d) = 2*d**2 + 4*d. Let s be u(-3). Suppose -p*f + s = f. What are the prime factors of f?
2
Let z(g) = 5*g**2 + 3*g - 6. What are the prime factors of z(-4)?
2, 31
List the prime factors of 340 - (-21)/(-14)*2/3.
3, 113
Let t be 8*(4/(-8) + 1). Suppose -3*z + 0*z + 68 = 5*j, -j = 3*z - t. What are the prime factors of j?
2
Let b(x) = -x**3 + 5*x**2 + 6*x + 2. Let n be b(6). Suppose 28 = 2*r + 2*t, -n*t + 19 + 29 = 4*r. List the prime factors of r.
2, 5
Suppose 4*p - 4*i + i = 14, -p + 2*i + 1 = 0. Suppose -3*o = 2*v - 4*o - 23, 5*o + p = 0. What are the prime factors of v?
11
Suppose -6*f = -5*y - 3*f + 9, 3*y = 4*f + 12. Suppose -4*m + 50 - 18 = y. Suppose -6*w + m = -2*w. What are the prime factors of w?
2
Let a(b) = 2*b**3 - 6*b**2 + 3*b + 2. Let v be a(2). Suppose 2*l = k + 5, 22 = 5*l + 2*k + 5. Suppose v = l*g - 41 + 5. List the prime factors of g.
2, 3
Let j(w) = 5*w + 1. Let a be j(1). Suppose z + a = -0. Let g(h) = -h**3 - 5*h**2 + 5*h + 4. List the prime factors of g(z).
2, 5
What are the prime factors of 41 - (16/(-4) - 0)?
3, 5
Let a(i) = i**2 - 3*i - 5. Let y be a(5). Suppose -y*j + 16 = -j. What are the prime factors of j?
2
Let h = 3 - -32. List the prime factors of h.
5, 7
Let n(h) = -2*h**3 - 2*h**2 + 4*h + 5. Let u be n(-2). Suppose -y - 